derivative of -s**7/840 + s**6/90 - s**5/60 - s**4/24 - 2*s**3/3 - 4*s. Let j(x) be the second derivative of h(x). Determine j(3).
2
Let w(b) = -2*b + 5. Let u(p) = -2*p**2 + 13*p + 3. Let n be u(6). Suppose -3 + n = q. What is w(q)?
-7
Let m(y) = -3*y + 3. Let i be -4*(2 - (-10)/(-4)). Let t(p) = -9*p + p**i + 8 + 0 + 3. Let l be t(8). Give m(l).
-6
Suppose 8 - 4 = 2*n. Let i(h) be the third derivative of 3*h**2 + 1/6*h**3 - 1/6*h**4 + 0*h + 0. Determine i(n).
-7
Let m(p) = -p**3 - 16*p**2 - 15*p - 7. Let u(a) = -a**3 - 15*a**2 - 14*a - 7. Let s(w) = 5*m(w) - 6*u(w). Let k be s(-9). Let c(y) = -y + 8. What is c(k)?
1
Let j(k) = 3 + 2*k - 4*k + 8 + 3*k. What is j(-5)?
6
Let l = 3 - 5. Let f(g) = -g. Let m(o) = o**3 + 10*o**2 + o + 12. Let u be m(-10). Let s(j) = -1. Let k(n) = u*f(n) + s(n). Determine k(l).
3
Let n(a) be the first derivative of -4*a**2 - 27. Determine n(-2).
16
Let o(n) be the first derivative of 3*n**2 - n - 2. Let g(z) = -2*z. Suppose 3*j + 15 = 0, -2 = 3*s + 5*j - 10. Let d(b) = s*g(b) + 4*o(b). Determine d(4).
4
Let i(d) be the second derivative of -d**3/6 - 3*d**2 + 3*d. Let l = -3 - 1. Let q = -4 - l. Determine i(q).
-6
Let a(c) = -3*c + 1. Let q(h) = -h**2 - 5*h - 3. Let v be q(-3). Let w = 2 - v. Calculate a(w).
4
Let a(v) be the first derivative of -v**5/60 - v**4/4 - v**3/3 + 5*v**2/2 + 6. Let m(g) be the second derivative of a(g). Give m(-6).
-2
Let z be -12*((-5)/2 - -3). Let u(t) = -5*t + 11. Let a(j) = 9*j - 21. Let y(x) = 6*a(x) + 11*u(x). What is y(z)?
1
Suppose 16*u - 12*u = -16. Let x(v) = -7*v. Let s(t) = 3*t. Let k(w) = -5*s(w) - 2*x(w). Give k(u).
4
Let g be (-8)/(-32) - 1/((-4)/11). Let s(l) = l**2 - 3*l + 3. Give s(g).
3
Let f(o) = -o**3 - 3*o**2 - 2*o - 3. Let h be 4/(-6) + (-148)/12. Let z be h/5 - 2/5. Let p be f(z). Let q(w) = w**3 - 3*w**2 + w - 2. Calculate q(p).
1
Let d(i) = -i**2 + 4*i + 4. Let c = -7 + 12. Give d(c).
-1
Let i(m) = -m**3 + 2*m**2 + 7*m - 6. Suppose -5*k = -0*k + 3*y - 17, -4*k + 13 = 3*y. Give i(k).
-10
Let n(o) = o - 2*o - 1 + 2. Let s = 0 + 5. Suppose 32 - 7 = -s*y. Determine n(y).
6
Suppose -a - 3*a = -4*o + 8, -o - a = 6. Let f(k) = -5 + 2*k**2 + 2 + 0 - k**2 - 2*k. Calculate f(o).
5
Let q(c) be the second derivative of c**5/20 + c**4/4 - 2*c**3/3 - 3*c**2 + 39*c. What is q(-4)?
-6
Let a(h) = h**2 + h + 1. Let q(k) be the third derivative of k**2 + 0 - 1/8*k**4 - 1/30*k**5 + 0*k + 2/3*k**3. Let y(b) = 3*a(b) + q(b). Determine y(0).
7
Let f(g) = -g**2 - 7*g + 3. Let s(n) = 2*n**2 + 15*n - 6. Let u(r) = 9*f(r) + 4*s(r). Determine u(-3).
3
Let z = -1 - -3. Let k(t) = 8 - z*t - 8. Give k(-3).
6
Let s(c) be the second derivative of -c**5/20 - c**4/6 + c**3/3 - c**2 - 2*c. Suppose 6*u = 10*u + 12. What is s(u)?
1
Suppose -3*x + 2 = l - 10, 2*l - 2*x = -16. Let p be (2 + -1)*l*1. Let h(s) = -s + 1. Let b(z) = z**2 - 4*z + 9. Let o(r) = b(r) - 6*h(r). Give o(p).
6
Let s(k) be the third derivative of k**6/120 - k**5/10 - k**4/12 + 3*k**3/2 + 7*k**2. Let z(d) = 4*d**2 - 3*d - 1. Let q be z(-1). Calculate s(q).
-3
Let z(y) = -y**3 + 9*y**2 + 10*y - 6. Let m be z(10). Let o(j) = 2*j**2 - 5*j**2 + 4*j**2 - 1 + 5*j - 6. Calculate o(m).
-1
Let c(o) be the third derivative of -o**7/2520 + o**6/180 - o**4/12 - 4*o**2. Let l(h) be the second derivative of c(h). Let b = -1 + 5. Give l(b).
0
Let l(q) = q**3 + 6*q**2 + 4*q - 3. Let r(x) = x**3 + 6*x**2 + 4*x - 3. Let u(g) = 5*l(g) - 6*r(g). Let o be (-10*2/8)/(3/6). What is u(o)?
-2
Suppose -2 = -2*x - 2*n, -5*n - 4 = 4*x - 2*x. Let p(v) = -v**x - v**3 + v**2 + 2*v + 3*v**2 - 4*v. Calculate p(2).
-4
Let g(v) = -2*v**3 + 3*v**2 - 1. Let l(t) = t**3 - 4*t**2 + t - 2. Let b be ((-2)/(-6))/((-12)/(-144)). Let c be l(b). Give g(c).
-5
Let m(p) be the second derivative of -p**4/12 - 2*p**3/3 - 2*p. Suppose 6*y - 13*y - 42 = 0. What is m(y)?
-12
Let r(k) = k**2 + k - 6. Let m(f) be the second derivative of -f**4/12 - f**3 - f**2 - f. Let o be m(-5). Let w be (6/(-2) + o)/(-2). Give r(w).
-6
Let i(l) = 2*l + 6. Let v(q) = -7*q**2 - 5*q + 2. Let z(c) = 15*c**2 + 11*c - 4. Let y(d) = 13*v(d) + 6*z(d). Let j be y(0). Suppose -4 = r + j. Determine i(r).
-6
Suppose 0 = -x - 0*x. Let k(n) = 0*n**2 + x*n**3 - 4 - n**3 - n - n**2 + 0. Determine k(0).
-4
Suppose -5*f = -3*f - 2. Suppose f = 4*o - j + 8, 5*o - 3*j = -14. Let s(g) = -6*g. What is s(o)?
6
Let m be (-2)/12 + (-25)/(-6). Let c(j) = j - 3. Determine c(m).
1
Let i(c) = -2*c + 2 + c**2 + 2*c**2 - c**2. Suppose 2*z - 2*m - 3*m - 36 = 0, -5*z + 52 = -3*m. Suppose -k = 3*k - z. Determine i(k).
6
Let f(j) = -7*j**2 + 6*j - 7. Let y be (-2)/(1/3*-2). Let l(t) = 4*t**2 - 3*t + 4. Let z(v) = y*f(v) + 5*l(v). Calculate z(4).
-5
Let c = 8 + -4. Let g(s) = -s**2 - s**2 + c - 6. Calculate g(-2).
-10
Let w(k) be the third derivative of 0*k + 1/24*k**6 + k**2 + 0*k**4 + 1/60*k**5 - 1/6*k**3 + 0. Give w(-1).
-5
Let w(p) = -6*p**3 + p**2. Let n = -11 + 15. Let q = 6 - n. Let x(i) = -2*i + 3. Let g be x(q). Calculate w(g).
7
Let k(j) = 2*j**3 + 3*j**2 + 2*j + 2. Let b(v) = v - 1. Let w be (-2)/(-4)*(-8)/(-2). Let g be b(w). Let n be -4 + 6/(g - -2). Determine k(n).
-6
Let q = 5 - 2. Suppose -4*x = -5*g - 3, 2*x - 4*x = -4*g. Suppose -2*w = -t - t, -x*w - 5 = q*t. Let z(i) = -2*i**2 - i - 1. What is z(w)?
-2
Let q be 4/(-6) + 4/6. Let n(s) = -4*s. Let l(b) = 3*b - 1. Let o(j) = -3*l(j) - 2*n(j). What is o(q)?
3
Let i(d) = d**2 - 7*d - 8. Let p be i(8). Let r(k) be the second derivative of 1/3*k**4 + 1/20*k**5 - 1/2*k**2 + p + 3*k - 2/3*k**3. Give r(-5).
-6
Let j(f) = -5*f. Let o(v) = 1. Let k(n) = j(n) + o(n). Let l = 6 - 5. What is k(l)?
-4
Let h(v) = -15*v + 7*v + 7*v + 3. Suppose 0 = -2*z - 3*c - 8, 10 = -9*z + 4*z - 5*c. What is h(z)?
1
Let b be (-13)/(-4) + (5/20)/(-1). Let r(c) = c**2 - 2*c + 1. What is r(b)?
4
Let j(h) be the second derivative of -2*h + 0 - 3*h**2 - 1/6*h**3. Calculate j(-5).
-1
Let o(c) = c**3 + 6*c**2 + 6*c + 7. Let k(y) = 2*y**3 + 3*y**2 + 2*y + 3. Suppose -7*j - 10 = -2*j. Let b be k(j). Give o(b).
2
Let a(t) = -t + t - t - 2. Let z be a(-2). Let g(r) = 2*r - 1 + 4*r - 5*r. Determine g(z).
-1
Suppose 1 = -2*i - 15. Let w(q) = q**3 + 7*q**2 - 9*q - 5. Let t be w(i). Let h(m) be the first derivative of -m**3/3 + m**2/2 + 3*m + 4. Determine h(t).
-3
Let a(x) = -6*x**3 + 4*x**2 - 4. Let h(t) = 2*t**2 - 9 + 8 + t**3 + 0*t**2 - t**2. Let g(i) = a(i) - 5*h(i). Determine g(1).
-11
Suppose -18 = -5*j - 3. Let s(t) = -t**3 + 4*t**2 + t - 4. Calculate s(j).
8
Let z(d) = d**2 - 10*d + 3. Let y be z(10). Let f(g) = -54*g**3 + 1 + y*g**2 + 53*g**3 + 0*g**2. Give f(3).
1
Let h = 6 + -9. Let n(g) = -g**3 - 2*g**2 - g + 1. Let j be n(-2). Let q(k) = -2*k**2 - 4 + j*k + 4*k**2 + 2*k**2 - 2*k**2. Give q(h).
5
Let g = -5 - -1. Let w(q) be the first derivative of q**2 + 6*q - 3. Give w(g).
-2
Let c(v) = -6*v - 4*v - 4 + 15*v - 6*v. Determine c(6).
-10
Let s(h) = -h**3 - 7*h**2 - h - 7. Let x be s(-7). Suppose x = -2*b + 4*b - 10. Let r(l) = l**2 - 5*l + 6. Calculate r(b).
6
Let x = -2 - 1. Let p be (-3)/(-1) + -1 + 0. Let r(m) = 2*m**2 + 3 - p*m - 3 + m**3. Give r(x).
-3
Let r = -2 + 4. Let i(q) = -q**2 - 3*q + q + 1 + r. Let y be (1 + (-3)/2)/(3/18). Calculate i(y).
0
Let a(g) = g**3 + 5*g**2. Let h(p) = -p + 3. Let z be h(8). Calculate a(z).
0
Let m(u) = 8*u + 2*u - 2 - 1 - u**2 - 15*u. Determine m(-4).
1
Let v(z) = z**3 - z - 3 + 15 + z. Let b = 8 - 8. Give v(b).
12
Let d(y) be the first derivative of -7*y**3/3 + 9*y**2/2 + 6*y + 4. Let u(l) = -13*l**2 + 17*l + 11. Let g(q) = 11*d(q) - 6*u(q). Calculate g(3).
0
Let c(h) be the first derivative of -h**4/4 + 5*h**3/3 + 9*h**2/2 - 7*h + 5. Calculate c(6).
11
Let g(r) = r**2 - 8*r - 8. Let x be 8 + -2 + -2 + 5. Let s be g(x). Let z(v) = -4 - 2*v + 1 - v + s. Calculate z(2).
-8
Let m(s) = -s**2 - 2*s + 4. Let b(j) = -j**2 + 8*j - 15. Let o be b(6). What is m(o)?
1
Let d(j) = 4*j - j + 7 - j**3 - j**2 + 5*j**2. Suppose -3*i - 5*p = -6 + 25, p - 17 = 2*i. Let t be (-57)/(-12) - 2/i. Calculate d(t).
-3
Suppose -4*l = -6*l + 14. Let g(h) = 5 + 4*h + 1 - 5*h. Give g(l).
-1
Let m(z) = -z**2 - 3*z - 4. Let u = 1 - 6. Let h = 2 + u. Determine m(h).
-4
Let j(f) be the second derivative of -f**6/240 - f**5/120 - f**4/4 - 2*f. Let i(l) be the third derivative of j(l). Det